- 9*s + 4. Determine f(m).
-6
Let h(f) = -3*f**3 - f**2 + f + 2. Suppose -5*g - 2*j - 2 = 0, -18 = -23*g + 28*g - 2*j. Give h(g).
20
Let r(p) = 15*p + 13. Let l(b) = -23*b - 14. Let h(w) = -2*l(w) - 3*r(w). Determine h(11).
0
Suppose 5*m + 4 - 19 = 0. Let h(a) = -m*a - 2*a + 5*a + a + 6. What is h(0)?
6
Let w be (-8)/(-1) + 55/(-11). Let s(c) = c**2 - 2*c + 5. Calculate s(w).
8
Let z(x) be the first derivative of -x + 7 + 9/2*x**2. What is z(-2)?
-19
Let f be 1 + -8 + -97 + 104. Let v(u) be the second derivative of f*u**3 + 0 - 1/2*u**2 - 10*u - 5/12*u**4. What is v(1)?
-6
Let w(v) be the second derivative of -4*v**3/3 + v**2 - v. Let y(n) = -39*n + 9. Let a = 14 + -19. Let z(g) = a*y(g) + 24*w(g). Calculate z(-3).
-6
Let v(r) = -3 - 3*r**2 + 5*r**2 - 3*r**2 - 9*r. Let z be (392/7)/(-7) + 2. Determine v(z).
15
Let z = 37 - 38. Let q(t) = 3*t**3 + 5*t**2 + 6*t + 6. Let w(y) = y**3 + y**2 + y + 1. Let f(l) = z*q(l) + 6*w(l). What is f(-1)?
-2
Let y be (-1 - -5)/(1/1). Let i(a) be the third derivative of -a**5/60 + 5*a**4/24 + a**3/3 - 66*a**2. Determine i(y).
6
Let g(l) be the first derivative of 6 + 4*l - l**2 + 0 - 3*l + 5. Give g(2).
-3
Suppose 2*u + 2*a + 2*a - 40 = 0, 4*u - 5*a - 28 = 0. Let o be 20/u - 3/(-9). Let w(q) = 1 + 4*q + 3 - 6. Calculate w(o).
6
Let y(v) = -4*v**3 + 3*v**3 + 2*v**3 + 4667*v**2 - 4658*v**2 + v. Give y(-9).
-9
Suppose -5341*z - 2*d = -5346*z - 30, -d = -5*z - 30. Let g(j) be the first derivative of j**3/3 + 3*j**2 + j + 1. What is g(z)?
1
Let h(m) = -5 - 21*m**2 - 3*m + 2*m + 22*m**2. Suppose 5*o + 29 = -4*a - 3, -2*o + 2*a - 2 = 0. Calculate h(o).
15
Let c(o) be the third derivative of o**4/24 + 5*o**3/6 - 2*o**2 - 100. Calculate c(-2).
3
Let z(m) = 2 + 46*m + m**3 - 33004*m**2 - 46*m + 33005*m**2. Let x(i) = 2*i + 2. Let l be x(-2). Calculate z(l).
-2
Let w(r) be the first derivative of -r**4/4 - 5*r**3/3 - r**2/2 - 3*r + 291. Calculate w(-5).
2
Let x be -2 - 2/(-7)*-14. Let a(o) = -o**3 - 5*o**2 + 8*o - 1. Give a(x).
-13
Let d(n) = -n - 5. Let y(z) = -3*z - 29. Let o be y(-8). Determine d(o).
0
Let q(u) = 4*u + 4*u - 24*u**2 - 7*u + 6*u**2 - 30 + 27. Give q(1).
-20
Let w = -1 + 3. Suppose w*p + 2 = 4. Let h(j) = -68*j**3 - 1 + j**2 + 3*j + 73*j**3 - 3*j. Calculate h(p).
5
Let d(i) = -3*i**3 + i**2 - 1. Let g be d(-1). Let p(n) = 3*n - g*n - 3 + 0*n - n. Let z be 2 + -3*(-30)/(-18). Determine p(z).
0
Let b(z) = 9*z**2 + 6*z + 4. Let i(x) = 18*x**2 + 15*x + 10. Let f(a) = -7*b(a) + 3*i(a). Determine f(-1).
-10
Let i(q) = -3*q - q + 20*q - 12*q - 25. Calculate i(6).
-1
Let y(s) = -s - 6. Let h be -12*((-7)/(-21) + 0). Calculate y(h).
-2
Let g(p) = 38*p - 33. Let o(i) = -19*i + 19. Let a(w) = -4*g(w) - 7*o(w). Give a(1).
-20
Let n(h) = -12*h + 20. Let x(j) = -4*j + 7. Let r(k) = -5*n(k) + 16*x(k). Let z(l) = -2*l + 0*l + 1 + l. Let d(u) = -r(u) + 5*z(u). What is d(-4)?
-3
Let x(p) = -p**2 - 7*p - 2. Let m be x(-6). Let h(r) be the second derivative of -r**5/20 + r**4/4 + r**3 - r**2 - 5*r + 19. Determine h(m).
6
Let j = 231 - 225. Let c(z) = z + 3. Give c(j).
9
Suppose 4*n + 21 - 129 = 0. Suppose 0 = 26*y - n*y. Let q(a) = 3*a - 9*a - 2 - a**2 + 5*a. What is q(y)?
-2
Let o(m) = -5 - 10*m**2 + 6*m**2 + m**3 + 3*m + 6 - m**2. Suppose 0 = 6*r - r + 3*a - 11, 0 = 4*r + 2*a - 10. Determine o(r).
-3
Suppose -21 = -6*i + 27. Let m = i + -7. Let x(d) = -d + 2*d + 0 + m. What is x(5)?
6
Let a(q) = -q**3 + 12*q**2 - 12*q + 3. Suppose 863*w = 870*w - 77. What is a(w)?
-8
Let d = 625 + -621. Let m(w) be the third derivative of w**4/12 - w**3 - w**2. Give m(d).
2
Let y(j) = -5*j + 54 - 11 + 14 - j - 14. Give y(7).
1
Suppose 10 = 3*q - 4*s, 3 = -q - 3*s - 2*s. Let j(n) = -5*n**q + 2*n**2 - 1 + 10*n**2 + n. Calculate j(1).
7
Let u(f) = f**3 + 11*f**2 - 2*f - 26. Suppose 4*z + t + 21 = -27, -4*z + 4*t - 28 = 0. Calculate u(z).
-4
Let s(t) = -t + 7. Let f(b) = -b**2 + 2*b - 2. Let x(u) = 2*f(u) + s(u). Calculate x(4).
-17
Let u(f) = 2 - 116*f - 117*f + 346*f - 114*f. What is u(4)?
-2
Let q(t) be the first derivative of -t**4/12 + 7*t**3/6 + 13*t**2/2 - 1. Let y(w) be the second derivative of q(w). Give y(6).
-5
Let a be (-1)/((-1)/5 - 0). Let p be 2*((-3)/(-14) - 2/(-7)). Let r(o) = -o**2 - 1 + 2*o**2 - p - 3*o - 2. Determine r(a).
6
Let k(g) = g**2 - 4*g + 7. Let n be k(3). Suppose -a + n*s = 3*s, 3*s = -4*a. Let w(z) = -2 + 3 + 5*z - 3 + a. Give w(2).
8
Let z be 1/((-2)/(-6 + 2)). Let y(j) = -7*j + j - 3 + j**z + 2*j. Let d be (-168)/(-504)*(-7 + 1). What is y(d)?
9
Let h be 1/(2/6 + 0). Let z(q) = -6 - 3 + 12 - 1 - q + 0. What is z(h)?
-1
Suppose 2*s = -8, -15*g = -18*g - 3*s - 3. Let n(v) be the second derivative of -3/2*v**2 - 1/3*v**g - 1/6*v**4 + 0 + 9*v. Calculate n(-2).
-7
Let a = -5 + 4. Let r be (-3 - -2)/(-2 - a). Let q(o) = -1558*o + 1558*o + 1 - 6*o**3. What is q(r)?
-5
Let v(j) = 11*j + 6. Let s(g) be the second derivative of -5*g**3/3 - 5*g**2/2 - 13*g. Let b(w) = -7*s(w) - 6*v(w). Calculate b(3).
11
Let g(i) = 6*i**2 - i. Let x(h) = -10*h + 4. Let p be x(-1). Let c(t) = t**3 - 15*t**2 + 13*t + 13. Let j be c(p). Calculate g(j).
7
Let k(o) be the first derivative of -2*o**3 + o**3 - 11 - o - 1 + o**2. Determine k(1).
-2
Let k = 0 - -1. Let q(h) = h**3 - h**2 + h. Let u(m) be the first derivative of 7*m**4/4 - 2*m**3 + 3*m**2 + 32. Let d(z) = 6*q(z) - u(z). Determine d(k).
-1
Suppose -61 = -9*r + 92. Suppose -5*j - 3*z - 19 = 0, -5*j - r + 1 = 2*z. Let g(b) = 2*b**3 - 3*b**2 - 4*b - 2. What is g(j)?
-22
Let b(i) = -2*i + 36. Let u be b(20). Let d(w) = -w**3 - 3*w**2 + 2*w - 4. Calculate d(u).
4
Suppose -4*w - 12 = -4*n, 42*w = 3*n + 41*w - 3. Let i(r) = -r**3 - r**2 + 2*r - 5. Determine i(n).
-5
Let k be 12/42 + (-52)/(-14). Suppose -k*s = 4*r - 4, -s - 5 = -r - 0*s. Let b(p) = 3 - 3 - 4 + p. Determine b(r).
-1
Let x(q) = -5*q + 8*q - 1173 + 1164. Let z be ((-9)/(-5))/((-18)/(-60)). Determine x(z).
9
Let v(p) = -4*p + 2. Suppose 3*n - s = -4*s + 51, -2*n = 4*s - 28. Suppose k + n = 6*k. Let o be (-30)/(-7) - k/14. Give v(o).
-14
Let w(c) be the second derivative of -c**5/20 - c**4/2 + 7*c**3/6 - 5*c**2/2 + 67*c. Calculate w(-7).
-5
Let a(v) = -v**3 - 2*v**2 + 2*v + 2. Let y = 45 + -26. Suppose -24*w = -y*w. Let q(p) = -p**2 - 2. Let k be q(w). Determine a(k).
-2
Let l = 16 + -11. Suppose l*g + 4*b = 5, 5*g - 6*g + 2*b = -1. Let o(c) = 3 - 2 + 1 - g - c. Determine o(-6).
7
Let l(c) = -8*c + 8. Let h(i) = -20*i + 20. Let k(m) = 5*h(m) - 12*l(m). Suppose 5*g + 662 = 682. Give k(g).
-12
Let n be 9/3 + -2 - -1. Let h = 2 + n. Let p(k) = -2*k**3 + 10*k**2 - 8*k + 2. Let z(u) = -u**3 + 5*u**2 - 4*u + 1. Let c(o) = 4*p(o) - 7*z(o). What is c(h)?
1
Let l(q) = q**2 + 9*q + 10. Suppose u + 2*r + 16 = 0, 0*u + 4*u + r = -29. Calculate l(u).
-8
Let f(r) be the first derivative of 1/120*r**5 - 3 - 8/3*r**3 + 1/24*r**4 + 0*r + 0*r**2. Let s(i) be the third derivative of f(i). Give s(-3).
-2
Let w(x) be the first derivative of -x**3/3 - 3*x**2/2 + 3*x - 176. What is w(-5)?
-7
Let v = 517 + -512. Let a(i) = -i + 6. Let y(h) = h - 6. Let x(q) = 6*a(q) + 5*y(q). Calculate x(v).
1
Let k(f) be the first derivative of f**3/6 - 5*f**2 - 25*f - 8. Let o(v) be the first derivative of k(v). Calculate o(7).
-3
Let c be (-3 + 12/8)*10/3. Let r(o) = -9*o**3 + 9*o**2 + 4*o + 5. Let g(h) = -4*h**3 + 4*h**2 + 2*h + 2. Let n(y) = c*g(y) + 2*r(y). What is n(2)?
4
Let c(x) = x**3 - 6*x**2 - 7*x + 6. Let z be c(7). Let w(d) = 100*d + 16 - 101*d + 7 - z. Determine w(8).
9
Let j(a) = 0*a**2 + 3*a - 13*a - 10 + 2*a**2 - a**2 - 5. Give j(12).
9
Let g(j) = 3*j**3 + 3*j**3 - 23 - 4*j**3 - 3*j**3 + j + 17*j**2. What is g(17)?
-6
Let a(d) = d**3 - d**2 + d + 12. Let w(m) = 2*m**2 - 6*m + 4. Let s be w(2). What is a(s)?
12
Let r(b) be the first derivative of 2*b**2 - 3*b - 1. Let i = 12 - 7. Suppose i*t = 6 + 4. Give r(t).
5
Suppose -3*n + 3 = 12. Let q = 16 - 12. Let a(z) = q*z - 3 + 1 - z**3 + 6 - z**2. What is a(n)?
10
Let h(l) be the second derivative of -l**3/6 - 15*l**2/2 - 298*l. Calculate h(-5).
-10
Suppose 4*j - 6*d + 4*d + 12 = 0, -4 = -3*j - 5*d. Let h(w) = -3*w - w + 1 - 2*w. Calculate h(j).
13
Suppose 0 = 3*h - 4*h + 6. Let f(u) = 6*u**2 + 2*u + 6 - h - 1. Let a = 70 - 69. Determine f(a).
7
Let m be 2/(-1)*13/(-26). Suppose 0 = 5*q + 4*b - m - 